{"id":543,"date":"2025-06-19T13:39:00","date_gmt":"2025-06-19T13:39:00","guid":{"rendered":"https:\/\/ekenlergrup.com\/?page_id=543"},"modified":"2025-07-07T20:15:48","modified_gmt":"2025-07-07T20:15:48","slug":"kirec-fabrikasi","status":"publish","type":"page","link":"https:\/\/ekenlergrup.com\/index.php\/kirec-fabrikasi\/","title":{"rendered":"K\u0130RE\u00c7 FABR\u0130KASI"},"content":{"rendered":"\t\t<div data-elementor-type=\"wp-page\" data-elementor-id=\"543\" class=\"elementor elementor-543\">\n\t\t\t\t<div class=\"elementor-element elementor-element-105598f9 elementor-hidden-tablet elementor-hidden-mobile e-flex e-con-boxed e-con e-parent\" data-id=\"105598f9\" data-element_type=\"container\" data-settings=\"{&quot;background_background&quot;:&quot;classic&quot;}\">\n\t\t\t\t\t<div class=\"e-con-inner\">\n\t\t\t\t\t<\/div>\n\t\t\t\t<\/div>\n\t\t<div class=\"elementor-element elementor-element-666cce4b e-flex e-con-boxed e-con e-parent\" data-id=\"666cce4b\" data-element_type=\"container\" data-settings=\"{&quot;background_background&quot;:&quot;classic&quot;}\">\n\t\t\t\t\t<div class=\"e-con-inner\">\n\t\t<div class=\"elementor-element elementor-element-5946881b e-con-full e-flex e-con e-child\" data-id=\"5946881b\" data-element_type=\"container\">\n\t\t<div class=\"elementor-element elementor-element-1754e5cd e-con-full e-flex e-con e-child\" data-id=\"1754e5cd\" data-element_type=\"container\">\n\t\t\t\t<div class=\"elementor-element elementor-element-3ec1e916 elementor-widget elementor-widget-text-editor\" data-id=\"3ec1e916\" data-element_type=\"widget\" data-widget_type=\"text-editor.default\">\n\t\t\t\t<div class=\"elementor-widget-container\">\n\t\t\t\t\t\t\t\t\t<p>Kire\u00e7 \u00fcretim tesisimizde, kalker ve dolomit gibi do\u011fal ta\u015flar, y\u00fcksek s\u0131cakl\u0131klarda i\u015flenerek kimyasal d\u00f6n\u00fc\u015f\u00fcme u\u011frat\u0131lmakta ve \u00e7e\u015fitli sekt\u00f6rlerde kullan\u0131lan kire\u00e7 ile s\u00f6nm\u00fc\u015f kire\u00e7 \u00fcr\u00fcnleri elde<br \/>edilmektedir.<\/p><p>Ta\u015f ocaklar\u0131ndan temin edilen hammadde,tesisimize ula\u015ft\u0131r\u0131ld\u0131ktan sonra \u00f6n i\u015fleme tabi tutulur. Belirli s\u0131cakl\u0131klarda f\u0131r\u0131nlanan bu malzeme, i\u00e7eri\u011findeki karbondioksitin ayr\u0131\u015ft\u0131r\u0131lmas\u0131yla saf kirece d\u00f6n\u00fc\u015ft\u00fcr\u00fcl\u00fcr. \u00dcr\u00fcn, kullan\u0131m amac\u0131na g\u00f6re toz, gran\u00fcl veya s\u00f6nm\u00fc\u015f formda<br \/>haz\u0131rlanarak, paketleme ve sevkiyat s\u00fcre\u00e7lerine al\u0131n\u0131r.<\/p><p>\u0130n\u015faat, kimya, tar\u0131m ve \u00e7evre sekt\u00f6rleri ba\u015fta olmak \u00fczere geni\u015f bir kullan\u0131m alan\u0131na sahip olan kire\u00e7 \u00fcr\u00fcnlerimiz, kalite standartlar\u0131na uygun \u015fekilde ve \u00e7evresel hassasiyet g\u00f6zetilerek \u00fcretilmektedir.<\/p>\t\t\t\t\t\t\t\t<\/div>\n\t\t\t\t<\/div>\n\t\t\t\t<\/div>\n\t\t<div class=\"elementor-element elementor-element-a4eb6b7 e-con-full e-flex e-con e-child\" data-id=\"a4eb6b7\" data-element_type=\"container\">\n\t\t\t\t<div class=\"elementor-element elementor-element-32ddaa15 elementor-widget elementor-widget-image\" data-id=\"32ddaa15\" data-element_type=\"widget\" data-widget_type=\"image.default\">\n\t\t\t\t<div class=\"elementor-widget-container\">\n\t\t\t\t\t\t\t\t\t\t\t\t\t\t\t<img decoding=\"async\" src=\"https:\/\/ekenlergrup.com\/wp-content\/uploads\/2025\/07\/kirece.jpg\" title=\"\" alt=\"\" loading=\"lazy\" \/>\t\t\t\t\t\t\t\t\t\t\t\t\t\t\t<\/div>\n\t\t\t\t<\/div>\n\t\t\t\t<\/div>\n\t\t\t\t<\/div>\n\t\t\t\t\t<\/div>\n\t\t\t\t<\/div>\n\t\t<div class=\"elementor-element elementor-element-4a34806c e-flex e-con-boxed e-con e-parent\" data-id=\"4a34806c\" data-element_type=\"container\" data-settings=\"{&quot;background_background&quot;:&quot;classic&quot;}\">\n\t\t\t\t\t<div class=\"e-con-inner\">\n\t\t<div class=\"elementor-element elementor-element-77e83bd2 e-con-full e-flex e-con e-child\" data-id=\"77e83bd2\" data-element_type=\"container\">\n\t\t\t\t<div class=\"elementor-element elementor-element-10a09b9d elementor-widget elementor-widget-heading\" data-id=\"10a09b9d\" data-element_type=\"widget\" data-widget_type=\"heading.default\">\n\t\t\t\t<div class=\"elementor-widget-container\">\n\t\t\t\t\t<h2 class=\"elementor-heading-title elementor-size-default\">WhastApp \u00dczerinden Bize Ula\u015f\u0131n.<\/h2>\t\t\t\t<\/div>\n\t\t\t\t<\/div>\n\t\t\t\t<\/div>\n\t\t<div class=\"elementor-element elementor-element-5dc1a7d6 e-con-full e-flex e-con e-child\" data-id=\"5dc1a7d6\" data-element_type=\"container\">\n\t\t\t\t<div class=\"elementor-element elementor-element-7b0b56db elementor-widget elementor-widget-ot-btn\" data-id=\"7b0b56db\" data-element_type=\"widget\" data-widget_type=\"ot-btn.default\">\n\t\t\t\t<div class=\"elementor-widget-container\">\n\t\t\t\t\t\t\t<div class=\"ot-button-wrapper\">\r\n\t\t\t<a href=\"https:\/\/api.whatsapp.com\/send\/?phone=905326001558\" class=\"octf-btn with-icon\">\r\n\t\t\t\tWhastApp \t\t\t\t\t\t\t\t\t<svg aria-hidden=\"true\" class=\"e-font-icon-svg e-fas-chevron-right\" viewBox=\"0 0 320 512\" xmlns=\"http:\/\/www.w3.org\/2000\/svg\"><path d=\"M285.476 272.971L91.132 467.314c-9.373 9.373-24.569 9.373-33.941 0l-22.667-22.667c-9.357-9.357-9.375-24.522-.04-33.901L188.505 256 34.484 101.255c-9.335-9.379-9.317-24.544.04-33.901l22.667-22.667c9.373-9.373 24.569-9.373 33.941 0L285.475 239.03c9.373 9.372 9.373 24.568.001 33.941z\"><\/path><\/svg>\t\t\t\t\t\t\t<\/a>\r\n\t    <\/div>\r\n\t    \t\t\t\t<\/div>\n\t\t\t\t<\/div>\n\t\t\t\t<\/div>\n\t\t\t\t\t<\/div>\n\t\t\t\t<\/div>\n\t\t\t\t<\/div>\n\t\t","protected":false},"excerpt":{"rendered":"<p>Kire\u00e7 \u00fcretim tesisimizde, kalker ve dolomit gibi do\u011fal ta\u015flar, y\u00fcksek s\u0131cakl\u0131klarda i\u015flenerek kimyasal d\u00f6n\u00fc\u015f\u00fcme u\u011frat\u0131lmakta ve \u00e7e\u015fitli sekt\u00f6rlerde kullan\u0131lan kire\u00e7 ile s\u00f6nm\u00fc\u015f kire\u00e7 \u00fcr\u00fcnleri eldeedilmektedir. Ta\u015f ocaklar\u0131ndan temin edilen hammadde,tesisimize ula\u015ft\u0131r\u0131ld\u0131ktan sonra \u00f6n i\u015fleme tabi tutulur. Belirli s\u0131cakl\u0131klarda f\u0131r\u0131nlanan bu malzeme, i\u00e7eri\u011findeki karbondioksitin ayr\u0131\u015ft\u0131r\u0131lmas\u0131yla saf kirece d\u00f6n\u00fc\u015ft\u00fcr\u00fcl\u00fcr. \u00dcr\u00fcn, kullan\u0131m amac\u0131na g\u00f6re toz, gran\u00fcl veya s\u00f6nm\u00fc\u015f [&hellip;]<\/p>\n","protected":false},"author":1,"featured_media":726,"parent":0,"menu_order":0,"comment_status":"closed","ping_status":"closed","template":"","meta":{"footnotes":""},"class_list":["post-543","page","type-page","status-publish","has-post-thumbnail","hentry"],"yoast_head":"<!-- This site is optimized with the Yoast SEO plugin v25.8 - https:\/\/yoast.com\/wordpress\/plugins\/seo\/ -->\r\n<title>K\u0130RE\u00c7 FABR\u0130KASI - EKENLERGRUP<\/title>\r\n<meta name=\"robots\" content=\"index, follow, max-snippet:-1, max-image-preview:large, max-video-preview:-1\" \/>\r\n<link rel=\"canonical\" href=\"https:\/\/ekenlergrup.com\/index.php\/kirec-fabrikasi\/\" \/>\r\n<meta property=\"og:locale\" content=\"tr_TR\" \/>\r\n<meta property=\"og:type\" content=\"article\" \/>\r\n<meta property=\"og:title\" content=\"K\u0130RE\u00c7 FABR\u0130KASI - EKENLERGRUP\" \/>\r\n<meta property=\"og:description\" content=\"Kire\u00e7 \u00fcretim tesisimizde, kalker ve dolomit gibi do\u011fal ta\u015flar, y\u00fcksek s\u0131cakl\u0131klarda i\u015flenerek kimyasal d\u00f6n\u00fc\u015f\u00fcme u\u011frat\u0131lmakta ve \u00e7e\u015fitli sekt\u00f6rlerde kullan\u0131lan kire\u00e7 ile s\u00f6nm\u00fc\u015f kire\u00e7 \u00fcr\u00fcnleri eldeedilmektedir. Ta\u015f ocaklar\u0131ndan temin edilen hammadde,tesisimize ula\u015ft\u0131r\u0131ld\u0131ktan sonra \u00f6n i\u015fleme tabi tutulur. Belirli s\u0131cakl\u0131klarda f\u0131r\u0131nlanan bu malzeme, i\u00e7eri\u011findeki karbondioksitin ayr\u0131\u015ft\u0131r\u0131lmas\u0131yla saf kirece d\u00f6n\u00fc\u015ft\u00fcr\u00fcl\u00fcr. \u00dcr\u00fcn, kullan\u0131m amac\u0131na g\u00f6re toz, gran\u00fcl veya s\u00f6nm\u00fc\u015f [&hellip;]\" \/>\r\n<meta property=\"og:url\" content=\"https:\/\/ekenlergrup.com\/index.php\/kirec-fabrikasi\/\" \/>\r\n<meta property=\"og:site_name\" content=\"EKENLERGRUP\" \/>\r\n<meta property=\"article:publisher\" content=\"https:\/\/www.facebook.com\/ekenlermadencilik\" \/>\r\n<meta property=\"article:modified_time\" content=\"2025-07-07T20:15:48+00:00\" \/>\r\n<meta property=\"og:image\" content=\"https:\/\/ekenlergrup.com\/wp-content\/uploads\/2025\/06\/kirec.jpg\" \/>\r\n\t<meta property=\"og:image:width\" content=\"1680\" \/>\r\n\t<meta property=\"og:image:height\" content=\"652\" \/>\r\n\t<meta property=\"og:image:type\" content=\"image\/jpeg\" \/>\r\n<meta name=\"twitter:card\" content=\"summary_large_image\" \/>\r\n<meta name=\"twitter:label1\" content=\"Tahmini okuma s\u00fcresi\" \/>\n\t<meta name=\"twitter:data1\" content=\"1 dakika\" \/>\r\n<script type=\"application\/ld+json\" class=\"yoast-schema-graph\">{\"@context\":\"https:\/\/schema.org\",\"@graph\":[{\"@type\":\"WebPage\",\"@id\":\"https:\/\/ekenlergrup.com\/index.php\/kirec-fabrikasi\/\",\"url\":\"https:\/\/ekenlergrup.com\/index.php\/kirec-fabrikasi\/\",\"name\":\"K\u0130RE\u00c7 FABR\u0130KASI - EKENLERGRUP\",\"isPartOf\":{\"@id\":\"https:\/\/ekenlergrup.com\/#website\"},\"primaryImageOfPage\":{\"@id\":\"https:\/\/ekenlergrup.com\/index.php\/kirec-fabrikasi\/#primaryimage\"},\"image\":{\"@id\":\"https:\/\/ekenlergrup.com\/index.php\/kirec-fabrikasi\/#primaryimage\"},\"thumbnailUrl\":\"https:\/\/ekenlergrup.com\/wp-content\/uploads\/2025\/06\/kirec.jpg\",\"datePublished\":\"2025-06-19T13:39:00+00:00\",\"dateModified\":\"2025-07-07T20:15:48+00:00\",\"breadcrumb\":{\"@id\":\"https:\/\/ekenlergrup.com\/index.php\/kirec-fabrikasi\/#breadcrumb\"},\"inLanguage\":\"tr\",\"potentialAction\":[{\"@type\":\"ReadAction\",\"target\":[\"https:\/\/ekenlergrup.com\/index.php\/kirec-fabrikasi\/\"]}]},{\"@type\":\"ImageObject\",\"inLanguage\":\"tr\",\"@id\":\"https:\/\/ekenlergrup.com\/index.php\/kirec-fabrikasi\/#primaryimage\",\"url\":\"https:\/\/ekenlergrup.com\/wp-content\/uploads\/2025\/06\/kirec.jpg\",\"contentUrl\":\"https:\/\/ekenlergrup.com\/wp-content\/uploads\/2025\/06\/kirec.jpg\",\"width\":1680,\"height\":652},{\"@type\":\"BreadcrumbList\",\"@id\":\"https:\/\/ekenlergrup.com\/index.php\/kirec-fabrikasi\/#breadcrumb\",\"itemListElement\":[{\"@type\":\"ListItem\",\"position\":1,\"name\":\"Home\",\"item\":\"https:\/\/ekenlergrup.com\/\"},{\"@type\":\"ListItem\",\"position\":2,\"name\":\"K\u0130RE\u00c7 FABR\u0130KASI\"}]},{\"@type\":\"WebSite\",\"@id\":\"https:\/\/ekenlergrup.com\/#website\",\"url\":\"https:\/\/ekenlergrup.com\/\",\"name\":\"EKENLERGRUP\",\"description\":\"\",\"publisher\":{\"@id\":\"https:\/\/ekenlergrup.com\/#organization\"},\"potentialAction\":[{\"@type\":\"SearchAction\",\"target\":{\"@type\":\"EntryPoint\",\"urlTemplate\":\"https:\/\/ekenlergrup.com\/?s={search_term_string}\"},\"query-input\":{\"@type\":\"PropertyValueSpecification\",\"valueRequired\":true,\"valueName\":\"search_term_string\"}}],\"inLanguage\":\"tr\"},{\"@type\":\"Organization\",\"@id\":\"https:\/\/ekenlergrup.com\/#organization\",\"name\":\"EKENLERGRUP\",\"url\":\"https:\/\/ekenlergrup.com\/\",\"logo\":{\"@type\":\"ImageObject\",\"inLanguage\":\"tr\",\"@id\":\"https:\/\/ekenlergrup.com\/#\/schema\/logo\/image\/\",\"url\":\"https:\/\/ekenlergrup.com\/wp-content\/uploads\/2025\/07\/ekenlergrupalt.png\",\"contentUrl\":\"https:\/\/ekenlergrup.com\/wp-content\/uploads\/2025\/07\/ekenlergrupalt.png\",\"width\":400,\"height\":168,\"caption\":\"EKENLERGRUP\"},\"image\":{\"@id\":\"https:\/\/ekenlergrup.com\/#\/schema\/logo\/image\/\"},\"sameAs\":[\"https:\/\/www.facebook.com\/ekenlermadencilik\",\"https:\/\/www.instagram.com\/ekenlerbeton\/\",\"https:\/\/www.linkedin.com\/company\/ekenler-beton\/\"]}]}<\/script>\r\n<!-- \/ Yoast SEO plugin. -->","yoast_head_json":{"title":"K\u0130RE\u00c7 FABR\u0130KASI - EKENLERGRUP","robots":{"index":"index","follow":"follow","max-snippet":"max-snippet:-1","max-image-preview":"max-image-preview:large","max-video-preview":"max-video-preview:-1"},"canonical":"https:\/\/ekenlergrup.com\/index.php\/kirec-fabrikasi\/","og_locale":"tr_TR","og_type":"article","og_title":"K\u0130RE\u00c7 FABR\u0130KASI - EKENLERGRUP","og_description":"Kire\u00e7 \u00fcretim tesisimizde, kalker ve dolomit gibi do\u011fal ta\u015flar, y\u00fcksek s\u0131cakl\u0131klarda i\u015flenerek kimyasal d\u00f6n\u00fc\u015f\u00fcme u\u011frat\u0131lmakta ve \u00e7e\u015fitli sekt\u00f6rlerde kullan\u0131lan kire\u00e7 ile s\u00f6nm\u00fc\u015f kire\u00e7 \u00fcr\u00fcnleri eldeedilmektedir. Ta\u015f ocaklar\u0131ndan temin edilen hammadde,tesisimize ula\u015ft\u0131r\u0131ld\u0131ktan sonra \u00f6n i\u015fleme tabi tutulur. Belirli s\u0131cakl\u0131klarda f\u0131r\u0131nlanan bu malzeme, i\u00e7eri\u011findeki karbondioksitin ayr\u0131\u015ft\u0131r\u0131lmas\u0131yla saf kirece d\u00f6n\u00fc\u015ft\u00fcr\u00fcl\u00fcr. \u00dcr\u00fcn, kullan\u0131m amac\u0131na g\u00f6re toz, gran\u00fcl veya s\u00f6nm\u00fc\u015f [&hellip;]","og_url":"https:\/\/ekenlergrup.com\/index.php\/kirec-fabrikasi\/","og_site_name":"EKENLERGRUP","article_publisher":"https:\/\/www.facebook.com\/ekenlermadencilik","article_modified_time":"2025-07-07T20:15:48+00:00","og_image":[{"width":1680,"height":652,"url":"https:\/\/ekenlergrup.com\/wp-content\/uploads\/2025\/06\/kirec.jpg","type":"image\/jpeg"}],"twitter_card":"summary_large_image","twitter_misc":{"Tahmini okuma s\u00fcresi":"1 dakika"},"schema":{"@context":"https:\/\/schema.org","@graph":[{"@type":"WebPage","@id":"https:\/\/ekenlergrup.com\/index.php\/kirec-fabrikasi\/","url":"https:\/\/ekenlergrup.com\/index.php\/kirec-fabrikasi\/","name":"K\u0130RE\u00c7 FABR\u0130KASI - EKENLERGRUP","isPartOf":{"@id":"https:\/\/ekenlergrup.com\/#website"},"primaryImageOfPage":{"@id":"https:\/\/ekenlergrup.com\/index.php\/kirec-fabrikasi\/#primaryimage"},"image":{"@id":"https:\/\/ekenlergrup.com\/index.php\/kirec-fabrikasi\/#primaryimage"},"thumbnailUrl":"https:\/\/ekenlergrup.com\/wp-content\/uploads\/2025\/06\/kirec.jpg","datePublished":"2025-06-19T13:39:00+00:00","dateModified":"2025-07-07T20:15:48+00:00","breadcrumb":{"@id":"https:\/\/ekenlergrup.com\/index.php\/kirec-fabrikasi\/#breadcrumb"},"inLanguage":"tr","potentialAction":[{"@type":"ReadAction","target":["https:\/\/ekenlergrup.com\/index.php\/kirec-fabrikasi\/"]}]},{"@type":"ImageObject","inLanguage":"tr","@id":"https:\/\/ekenlergrup.com\/index.php\/kirec-fabrikasi\/#primaryimage","url":"https:\/\/ekenlergrup.com\/wp-content\/uploads\/2025\/06\/kirec.jpg","contentUrl":"https:\/\/ekenlergrup.com\/wp-content\/uploads\/2025\/06\/kirec.jpg","width":1680,"height":652},{"@type":"BreadcrumbList","@id":"https:\/\/ekenlergrup.com\/index.php\/kirec-fabrikasi\/#breadcrumb","itemListElement":[{"@type":"ListItem","position":1,"name":"Home","item":"https:\/\/ekenlergrup.com\/"},{"@type":"ListItem","position":2,"name":"K\u0130RE\u00c7 FABR\u0130KASI"}]},{"@type":"WebSite","@id":"https:\/\/ekenlergrup.com\/#website","url":"https:\/\/ekenlergrup.com\/","name":"EKENLERGRUP","description":"","publisher":{"@id":"https:\/\/ekenlergrup.com\/#organization"},"potentialAction":[{"@type":"SearchAction","target":{"@type":"EntryPoint","urlTemplate":"https:\/\/ekenlergrup.com\/?s={search_term_string}"},"query-input":{"@type":"PropertyValueSpecification","valueRequired":true,"valueName":"search_term_string"}}],"inLanguage":"tr"},{"@type":"Organization","@id":"https:\/\/ekenlergrup.com\/#organization","name":"EKENLERGRUP","url":"https:\/\/ekenlergrup.com\/","logo":{"@type":"ImageObject","inLanguage":"tr","@id":"https:\/\/ekenlergrup.com\/#\/schema\/logo\/image\/","url":"https:\/\/ekenlergrup.com\/wp-content\/uploads\/2025\/07\/ekenlergrupalt.png","contentUrl":"https:\/\/ekenlergrup.com\/wp-content\/uploads\/2025\/07\/ekenlergrupalt.png","width":400,"height":168,"caption":"EKENLERGRUP"},"image":{"@id":"https:\/\/ekenlergrup.com\/#\/schema\/logo\/image\/"},"sameAs":["https:\/\/www.facebook.com\/ekenlermadencilik","https:\/\/www.instagram.com\/ekenlerbeton\/","https:\/\/www.linkedin.com\/company\/ekenler-beton\/"]}]}},"_links":{"self":[{"href":"https:\/\/ekenlergrup.com\/index.php\/wp-json\/wp\/v2\/pages\/543","targetHints":{"allow":["GET"]}}],"collection":[{"href":"https:\/\/ekenlergrup.com\/index.php\/wp-json\/wp\/v2\/pages"}],"about":[{"href":"https:\/\/ekenlergrup.com\/index.php\/wp-json\/wp\/v2\/types\/page"}],"author":[{"embeddable":true,"href":"https:\/\/ekenlergrup.com\/index.php\/wp-json\/wp\/v2\/users\/1"}],"replies":[{"embeddable":true,"href":"https:\/\/ekenlergrup.com\/index.php\/wp-json\/wp\/v2\/comments?post=543"}],"version-history":[{"count":20,"href":"https:\/\/ekenlergrup.com\/index.php\/wp-json\/wp\/v2\/pages\/543\/revisions"}],"predecessor-version":[{"id":1101,"href":"https:\/\/ekenlergrup.com\/index.php\/wp-json\/wp\/v2\/pages\/543\/revisions\/1101"}],"wp:featuredmedia":[{"embeddable":true,"href":"https:\/\/ekenlergrup.com\/index.php\/wp-json\/wp\/v2\/media\/726"}],"wp:attachment":[{"href":"https:\/\/ekenlergrup.com\/index.php\/wp-json\/wp\/v2\/media?parent=543"}],"curies":[{"name":"wp","href":"https:\/\/api.w.org\/{rel}","templated":true}]}}